{"id":388,"date":"2024-11-25T17:30:53","date_gmt":"2024-11-25T16:30:53","guid":{"rendered":"https:\/\/www.coxy-creation.fr\/?post_type=product&#038;p=388"},"modified":"2024-12-14T09:13:54","modified_gmt":"2024-12-14T08:13:54","slug":"table-basse-vin","status":"publish","type":"product","link":"https:\/\/www.coxy-creation.fr\/?product=table-basse-vin","title":{"rendered":"Table basse vin"},"content":{"rendered":"<p><img loading=\"lazy\" decoding=\"async\" class=\"alignnone size-medium wp-image-389\" src=\"https:\/\/www.coxy-creation.fr\/wp-content\/uploads\/2024\/11\/IMG_3455-300x200.jpg\" alt=\"table basse vin 1\" width=\"300\" height=\"200\" srcset=\"https:\/\/www.coxy-creation.fr\/wp-content\/uploads\/2024\/11\/IMG_3455-300x200.jpg 300w, https:\/\/www.coxy-creation.fr\/wp-content\/uploads\/2024\/11\/IMG_3455-1024x683.jpg 1024w, https:\/\/www.coxy-creation.fr\/wp-content\/uploads\/2024\/11\/IMG_3455-768x513.jpg 768w, https:\/\/www.coxy-creation.fr\/wp-content\/uploads\/2024\/11\/IMG_3455-1536x1025.jpg 1536w, https:\/\/www.coxy-creation.fr\/wp-content\/uploads\/2024\/11\/IMG_3455-2048x1367.jpg 2048w, https:\/\/www.coxy-creation.fr\/wp-content\/uploads\/2024\/11\/IMG_3455-600x400.jpg 600w\" sizes=\"auto, (max-width: 300px) 100vw, 300px\" \/> <img loading=\"lazy\" decoding=\"async\" class=\"alignnone size-medium wp-image-391\" src=\"https:\/\/www.coxy-creation.fr\/wp-content\/uploads\/2024\/11\/IMG_3458-300x200.jpg\" alt=\"table basse vin 2\" width=\"300\" height=\"200\" srcset=\"https:\/\/www.coxy-creation.fr\/wp-content\/uploads\/2024\/11\/IMG_3458-300x200.jpg 300w, https:\/\/www.coxy-creation.fr\/wp-content\/uploads\/2024\/11\/IMG_3458-1024x683.jpg 1024w, https:\/\/www.coxy-creation.fr\/wp-content\/uploads\/2024\/11\/IMG_3458-768x513.jpg 768w, https:\/\/www.coxy-creation.fr\/wp-content\/uploads\/2024\/11\/IMG_3458-1536x1025.jpg 1536w, https:\/\/www.coxy-creation.fr\/wp-content\/uploads\/2024\/11\/IMG_3458-2048x1367.jpg 2048w, https:\/\/www.coxy-creation.fr\/wp-content\/uploads\/2024\/11\/IMG_3458-600x400.jpg 600w\" sizes=\"auto, (max-width: 300px) 100vw, 300px\" \/><\/p>\n<p>Table basse avec caisses de vin et \u00e9poxy rouge<\/p>\n<p>bois brut prot\u00e9g\u00e9e par verni<\/p>\n<p>113cm de long\u00a0 59cm de large\u00a0 43cm de haut<\/p>\n","protected":false},"excerpt":{"rendered":"<p>Table basse avec caisses de vin et \u00e9poxy rouge bois brut prot\u00e9g\u00e9e par verni 113cm de long\u00a0 59cm de large\u00a0 43cm de haut<\/p>\n","protected":false},"featured_media":389,"comment_status":"closed","ping_status":"closed","template":"","meta":{"_monsterinsights_skip_tracking":false,"_monsterinsights_sitenote_active":false,"_monsterinsights_sitenote_note":"","_monsterinsights_sitenote_category":0,"_uf_show_specific_survey":0,"_uf_disable_surveys":false},"product_brand":[],"product_cat":[34,36],"product_tag":[],"class_list":{"0":"post-388","1":"product","2":"type-product","3":"status-publish","4":"has-post-thumbnail","6":"product_cat-meubles","7":"product_cat-table-basse","9":"first","10":"instock","11":"shipping-taxable","12":"purchasable","13":"product-type-simple"},"_links":{"self":[{"href":"https:\/\/www.coxy-creation.fr\/index.php?rest_route=\/wp\/v2\/product\/388","targetHints":{"allow":["GET"]}}],"collection":[{"href":"https:\/\/www.coxy-creation.fr\/index.php?rest_route=\/wp\/v2\/product"}],"about":[{"href":"https:\/\/www.coxy-creation.fr\/index.php?rest_route=\/wp\/v2\/types\/product"}],"replies":[{"embeddable":true,"href":"https:\/\/www.coxy-creation.fr\/index.php?rest_route=%2Fwp%2Fv2%2Fcomments&post=388"}],"wp:featuredmedia":[{"embeddable":true,"href":"https:\/\/www.coxy-creation.fr\/index.php?rest_route=\/wp\/v2\/media\/389"}],"wp:attachment":[{"href":"https:\/\/www.coxy-creation.fr\/index.php?rest_route=%2Fwp%2Fv2%2Fmedia&parent=388"}],"wp:term":[{"taxonomy":"product_brand","embeddable":true,"href":"https:\/\/www.coxy-creation.fr\/index.php?rest_route=%2Fwp%2Fv2%2Fproduct_brand&post=388"},{"taxonomy":"product_cat","embeddable":true,"href":"https:\/\/www.coxy-creation.fr\/index.php?rest_route=%2Fwp%2Fv2%2Fproduct_cat&post=388"},{"taxonomy":"product_tag","embeddable":true,"href":"https:\/\/www.coxy-creation.fr\/index.php?rest_route=%2Fwp%2Fv2%2Fproduct_tag&post=388"}],"curies":[{"name":"wp","href":"https:\/\/api.w.org\/{rel}","templated":true}]}}